{"id":846,"date":"2020-09-28T10:28:06","date_gmt":"2020-09-28T08:28:06","guid":{"rendered":"https:\/\/www.formularze.umed.wroc.pl\/wycieczki\/?page_id=846"},"modified":"2023-03-01T11:02:14","modified_gmt":"2023-03-01T10:02:14","slug":"zajecia-w-czasie-pandemii","status":"publish","type":"page","link":"https:\/\/app.umw.edu.pl\/wycieczki\/zajecia-w-czasie-pandemii\/","title":{"rendered":"Zaj\u0119cia edukacyjne"},"content":{"rendered":"\n<h2 class=\"wp-block-heading\">Zaj\u0119cia edukacyjne<\/h2>\n\n\n\n<p>Zapraszamy do zapoznania si\u0119 z ofert\u0105 zaj\u0119\u0107 dla grup zorganizowanych. Poza spotkaniem dotycz\u0105cym rekrutacji na studia, zach\u0119camy do wzi\u0119cia udzia\u0142u w warsztatach przygotowanych przez organizacje studenckie dzia\u0142aj\u0105ce na Uniwersytecie Medycznym we Wroc\u0142awiu..<\/p>\n\n\n\n<h3 class=\"has-text-align-center wp-block-heading\"> <strong>Spotkanie dla os\u00f3b zainteresowanych studiami medycznymi<\/strong> <\/h3>\n\n\n\n<div class=\"wp-block-image\"><figure class=\"aligncenter size-large is-resized\"><img loading=\"lazy\" decoding=\"async\" src=\"https:\/\/www.formularze.umed.wroc.pl\/wycieczki\/wp-content\/uploads\/2020\/09\/rekrutacja-na-studia-1.jpg\" alt=\"\" class=\"wp-image-848\" width=\"382\" height=\"232\" srcset=\"https:\/\/app.umw.edu.pl\/wycieczki\/wp-content\/uploads\/2020\/09\/rekrutacja-na-studia-1.jpg 803w, https:\/\/app.umw.edu.pl\/wycieczki\/wp-content\/uploads\/2020\/09\/rekrutacja-na-studia-1-300x182.jpg 300w, https:\/\/app.umw.edu.pl\/wycieczki\/wp-content\/uploads\/2020\/09\/rekrutacja-na-studia-1-768x467.jpg 768w\" sizes=\"auto, (max-width: 382px) 100vw, 382px\" \/><\/figure><\/div>\n\n\n\n<p>Grupa docelowa: uczniowie lice\u00f3w, najbardziej przydatne dla klas maturalnych<br>Prowadzi: pracownik Dzia\u0142u Marketingu<br>Forma do wyboru: spotkanie online lub spotkanie prowadzone na terenie Pa\u0144stwa szko\u0142y<br>Czas trwania: ok. 45 min<br>Tre\u015b\u0107: prezentacja i filmy ukazuj\u0105ce zaplecze dydaktyczne i kliniczne uniwersytetu, prowadzone przez uczelni\u0119 kierunki i zasady rekrutacji na nie. Mo\u017cliwo\u015b\u0107 zadawania pyta\u0144 przez uczni\u00f3w na forum grupy lub indywidualnie po zako\u0144czeniu prezentacji. W przypadku zaj\u0119\u0107 na terenie szko\u0142y ka\u017cdy z zainteresowanych uczestnik\u00f3w otrzyma materia\u0142y informacyjne i drobny gad\u017cet uczelniany.<br>Kontakt w celu um\u00f3wienia spotkania: pola.janus@umw.edu.pl <\/p>\n\n\n\n<h2 class=\"wp-block-heading\">Oferta warsztat\u00f3w<\/h2>\n\n\n\n<h4 class=\"wp-block-heading\">Pierwsza pomoc<\/h4>\n\n\n\n<p>Grupa docelowa: Szko\u0142a podstawowa (klasa 1 &#8211; 3); Szko\u0142a Podstawowa (  klasa 4-8); Przedszkole <br>Prowadz\u0105: cz\u0142onkowie ko\u0142a naukowego Specjalistycznego Ratownictwa  Medycznego <br>Forma do wyboru: Spotkania prowadzone na terenie szko\u0142y <br>Czas trwania: ok 45 minut <br>Tre\u015b\u0107: <br>1. Zachowanie na miejscu zdarzenia <br>2. Resuscytacja kr\u0105\u017ceniowo &#8211; oddechowa z wykorzystaniem defibrylatora  AED <br>3. Post\u0119powanie przy zad\u0142awieniu <br>4. Zaopatrywanie ran <br>5. Zaopatrywanie i stabilizowanie z\u0142ama\u0144, st\u0142ucze\u0144, skr\u0119ce\u0144, zwichni\u0119\u0107 <br>Kontakt w sprawie ustalenia terminu zaj\u0119\u0107:  <a href=\"mailto:aleksander.mickiewicz@umw.edu.pl\">aleksander.mickiewicz@umw.edu.pl<\/a> <br><a href=\"mailto:aleksandra.siwek@student.umw.edu.pl\">aleksandra.siwek@student.umw.edu.pl<\/a> <\/p>\n\n\n\n<h4 class=\"wp-block-heading\"> Fotoprotekcja &#8211; jak, gdzie, kiedy? <\/h4>\n\n\n\n<p>Prowadz\u0105: cz\u0142onkowie SKN Dermatologii Eksperymentalnej <br>Forma: zaj\u0119cia na terenie szko\u0142y lub online (w zale\u017cno\u015bci od sytuacji  epidemicznej <br>Czas trwania: 1 godzina lekcyjne (45 min.) <br>Tre\u015b\u0107: W ramach prezentacji chcemy przybli\u017cy\u0107 uczniom szk\u00f3\u0142 \u015brednich  temat ochrony przed szkodliwym promieniowaniem&nbsp; s\u0142onecznym. Uczniowie  dowiedz\u0105 si\u0119, jak rozpozna\u0107 sw\u00f3j fototyp, jakie szkodliwe skutki wywiera  promieniowanie ultrafioletowe i, w jaki spos\u00f3b im zapobiega\u0107. Na  pocz\u0105tku i na ko\u0144cu zaj\u0119\u0107 uczniowie b\u0119d\u0105 proszeni o wype\u0142nienie  kr\u00f3tkiego testu oceniaj\u0105cego ich wiedz\u0119 na temat fotoprotekcji. <br>Kontakt w sprawie ustalenia terminu zaj\u0119\u0107: <a href=\"mailto:anna.rygula@student.umed.wroc.pl\">anna.rygula@student.umed.wroc.pl<\/a> DW:  <a href=\"mailto:alina.jankowska-konsur@umed.wroc.pl\">alina.jankowska-konsur@umed.wroc.pl<\/a> <\/p>\n\n\n\n<h4 class=\"wp-block-heading\">Trening i suplementy okiem medyka &#8211; czym warto si\u0119 faszerowa\u0107         <\/h4>\n\n\n\n<p>Grupa docelowa: uczniowie szk\u00f3\u0142 ponadpodstawowych         <br>Prowadz\u0105: cz\u0142onkowie SKN Biochemii Lekarskiej         <br>Forma do wyboru: Spotkanie online lub spotkanie prowadzone na terenie szko\u0142y         <br>Czas trwania: 30-45 minut         <br>Tre\u015b\u0107: Na spotkaniu studenci medycyny opowiedz\u0105 o dzia\u0142aniach suplement\u00f3w diety, ze szczeg\u00f3lnym uwzgl\u0119dnieniem tych, kt\u00f3re          reklamowane s\u0105 jako \u201espalaj\u0105ce t\u0142uszcz\u201d czy sprawiaj\u0105ce \u201eprzyrost masy mi\u0119\u015bniowej\u201d. Odpowiemy na pytania czy warto korzysta\u0107 z kreatyny, bia\u0142ka BCAA, L-karnityny czy argininy. Na koniec przewidziana jest cz\u0119\u015b\u0107 dyskusyjna z mo\u017cliwo\u015bci\u0105 zadawania pyta\u0144 dotycz\u0105cych zar\u00f3wno prezentacji, jak i samych studi\u00f3w medycznych.         <br>Kontakt w sprawie ustalenia terminu zaj\u0119\u0107: <a href=\"mailto:piotr.zatyka@student.umed.wroc.pl\">piotr.zatyka@student.umed.wroc.pl<\/a> <\/p>\n\n\n\n<h2 class=\"wp-block-heading\">Muzea<\/h2>\n\n\n\n<h3 class=\"has-text-align-center wp-block-heading\"><strong>Muzeum Farmacji<\/strong><\/h3>\n\n\n\n<figure class=\"wp-block-image size-large\"><img loading=\"lazy\" decoding=\"async\" width=\"1024\" height=\"269\" src=\"https:\/\/www.formularze.umed.wroc.pl\/wycieczki\/wp-content\/uploads\/2020\/11\/muzeum-farmacji-1024x269.jpg\" alt=\"\" class=\"wp-image-866\" srcset=\"https:\/\/app.umw.edu.pl\/wycieczki\/wp-content\/uploads\/2020\/11\/muzeum-farmacji-1024x269.jpg 1024w, https:\/\/app.umw.edu.pl\/wycieczki\/wp-content\/uploads\/2020\/11\/muzeum-farmacji-300x79.jpg 300w, https:\/\/app.umw.edu.pl\/wycieczki\/wp-content\/uploads\/2020\/11\/muzeum-farmacji-768x202.jpg 768w, https:\/\/app.umw.edu.pl\/wycieczki\/wp-content\/uploads\/2020\/11\/muzeum-farmacji.jpg 1140w\" sizes=\"auto, (max-width: 1024px) 100vw, 1024px\" \/><\/figure>\n\n\n\n<p>Muzeum Farmacji znajduj\u0105ce si\u0119 przy ul. Kurzy Targ 4 we Wroc\u0142awiu.<br>Wi\u0119cej o muzeum na jego <a href=\"http:\/\/muzeumfarmacji.umw.edu.pl\/\">STRONIE INTERNETOWEJ<\/a><br>W celu dokonania rezerwacji zapraszamy do kontaktu z pracownikami muzeum  pod numerem telefonu: 71 784 04 40 <\/p>\n\n\n\n<p><\/p>\n","protected":false},"excerpt":{"rendered":"<p>Zaj\u0119cia edukacyjne Zapraszamy do zapoznania si\u0119 z ofert\u0105 zaj\u0119\u0107 dla grup zorganizowanych. Poza spotkaniem dotycz\u0105cym rekrutacji na studia, zach\u0119camy do wzi\u0119cia udzia\u0142u w warsztatach przygotowanych przez organizacje studenckie dzia\u0142aj\u0105ce na Uniwersytecie Medycznym we Wroc\u0142awiu.. Spotkanie dla os\u00f3b zainteresowanych studiami medycznymi Grupa docelowa: uczniowie lice\u00f3w, najbardziej przydatne dla klas maturalnychProwadzi: pracownik Dzia\u0142u MarketinguForma do wyboru: spotkanie<\/p>\n<div><a class=\"btn-filled btn\" href=\"https:\/\/app.umw.edu.pl\/wycieczki\/zajecia-w-czasie-pandemii\/\" title=\"Zaj\u0119cia edukacyjne\">Czytaj wi\u0119cej<\/a><\/div>\n","protected":false},"author":2,"featured_media":0,"parent":0,"menu_order":0,"comment_status":"closed","ping_status":"closed","template":"","meta":{"footnotes":""},"class_list":["post-846","page","type-page","status-publish","hentry"],"_links":{"self":[{"href":"https:\/\/app.umw.edu.pl\/wycieczki\/wp-json\/wp\/v2\/pages\/846","targetHints":{"allow":["GET"]}}],"collection":[{"href":"https:\/\/app.umw.edu.pl\/wycieczki\/wp-json\/wp\/v2\/pages"}],"about":[{"href":"https:\/\/app.umw.edu.pl\/wycieczki\/wp-json\/wp\/v2\/types\/page"}],"author":[{"embeddable":true,"href":"https:\/\/app.umw.edu.pl\/wycieczki\/wp-json\/wp\/v2\/users\/2"}],"replies":[{"embeddable":true,"href":"https:\/\/app.umw.edu.pl\/wycieczki\/wp-json\/wp\/v2\/comments?post=846"}],"version-history":[{"count":36,"href":"https:\/\/app.umw.edu.pl\/wycieczki\/wp-json\/wp\/v2\/pages\/846\/revisions"}],"predecessor-version":[{"id":1281,"href":"https:\/\/app.umw.edu.pl\/wycieczki\/wp-json\/wp\/v2\/pages\/846\/revisions\/1281"}],"wp:attachment":[{"href":"https:\/\/app.umw.edu.pl\/wycieczki\/wp-json\/wp\/v2\/media?parent=846"}],"curies":[{"name":"wp","href":"https:\/\/api.w.org\/{rel}","templated":true}]}}

Zajęcia edukacyjne

<h2 class="wp-block-heading">Zajęcia edukacyjne</h2>



<p>Zapraszamy do zapoznania się z ofertą zajęć dla grup zorganizowanych. Poza spotkaniem dotyczącym rekrutacji na studia, zachęcamy do wzięcia udziału w warsztatach przygotowanych przez organizacje studenckie działające na Uniwersytecie Medycznym we Wrocławiu..</p>



<h3 class="has-text-align-center wp-block-heading"> <strong>Spotkanie dla osób zainteresowanych studiami medycznymi</strong> </h3>



<div class="wp-block-image"><figure class="aligncenter size-large is-resized"><img loading="lazy" decoding="async" src="https://www.formularze.umed.wroc.pl/wycieczki/wp-content/uploads/2020/09/rekrutacja-na-studia-1.jpg" alt="" class="wp-image-848" width="382" height="232" srcset="https://app.umw.edu.pl/wycieczki/wp-content/uploads/2020/09/rekrutacja-na-studia-1.jpg 803w, https://app.umw.edu.pl/wycieczki/wp-content/uploads/2020/09/rekrutacja-na-studia-1-300x182.jpg 300w, https://app.umw.edu.pl/wycieczki/wp-content/uploads/2020/09/rekrutacja-na-studia-1-768x467.jpg 768w" sizes="auto, (max-width: 382px) 100vw, 382px" /></figure></div>



<p>Grupa docelowa: uczniowie liceów, najbardziej przydatne dla klas maturalnych<br>Prowadzi: pracownik Działu Marketingu<br>Forma do wyboru: spotkanie online lub spotkanie prowadzone na terenie Państwa szkoły<br>Czas trwania: ok. 45 min<br>Treść: prezentacja i filmy ukazujące zaplecze dydaktyczne i kliniczne uniwersytetu, prowadzone przez uczelnię kierunki i zasady rekrutacji na nie. Możliwość zadawania pytań przez uczniów na forum grupy lub indywidualnie po zakończeniu prezentacji. W przypadku zajęć na terenie szkoły każdy z zainteresowanych uczestników otrzyma materiały informacyjne i drobny gadżet uczelniany.<br>Kontakt w celu umówienia spotkania: pola.janus@umw.edu.pl </p>



<h2 class="wp-block-heading">Oferta warsztatów</h2>



<h4 class="wp-block-heading">Pierwsza pomoc</h4>



<p>Grupa docelowa: Szkoła podstawowa (klasa 1 &#8211; 3); Szkoła Podstawowa (  klasa 4-8); Przedszkole <br>Prowadzą: członkowie koła naukowego Specjalistycznego Ratownictwa  Medycznego <br>Forma do wyboru: Spotkania prowadzone na terenie szkoły <br>Czas trwania: ok 45 minut <br>Treść: <br>1. Zachowanie na miejscu zdarzenia <br>2. Resuscytacja krążeniowo &#8211; oddechowa z wykorzystaniem defibrylatora  AED <br>3. Postępowanie przy zadławieniu <br>4. Zaopatrywanie ran <br>5. Zaopatrywanie i stabilizowanie złamań, stłuczeń, skręceń, zwichnięć <br>Kontakt w sprawie ustalenia terminu zajęć:  <a href="mailto:aleksander.mickiewicz@umw.edu.pl">aleksander.mickiewicz@umw.edu.pl</a> <br><a href="mailto:aleksandra.siwek@student.umw.edu.pl">aleksandra.siwek@student.umw.edu.pl</a> </p>



<h4 class="wp-block-heading"> Fotoprotekcja &#8211; jak, gdzie, kiedy? </h4>



<p>Prowadzą: członkowie SKN Dermatologii Eksperymentalnej <br>Forma: zajęcia na terenie szkoły lub online (w zależności od sytuacji  epidemicznej <br>Czas trwania: 1 godzina lekcyjne (45 min.) <br>Treść: W ramach prezentacji chcemy przybliżyć uczniom szkół średnich  temat ochrony przed szkodliwym promieniowaniem&nbsp; słonecznym. Uczniowie  dowiedzą się, jak rozpoznać swój fototyp, jakie szkodliwe skutki wywiera  promieniowanie ultrafioletowe i, w jaki sposób im zapobiegać. Na  początku i na końcu zajęć uczniowie będą proszeni o wypełnienie  krótkiego testu oceniającego ich wiedzę na temat fotoprotekcji. <br>Kontakt w sprawie ustalenia terminu zajęć: <a href="mailto:anna.rygula@student.umed.wroc.pl">anna.rygula@student.umed.wroc.pl</a> DW:  <a href="mailto:alina.jankowska-konsur@umed.wroc.pl">alina.jankowska-konsur@umed.wroc.pl</a> </p>



<h4 class="wp-block-heading">Trening i suplementy okiem medyka &#8211; czym warto się faszerować         </h4>



<p>Grupa docelowa: uczniowie szkół ponadpodstawowych         <br>Prowadzą: członkowie SKN Biochemii Lekarskiej         <br>Forma do wyboru: Spotkanie online lub spotkanie prowadzone na terenie szkoły         <br>Czas trwania: 30-45 minut         <br>Treść: Na spotkaniu studenci medycyny opowiedzą o działaniach suplementów diety, ze szczególnym uwzględnieniem tych, które          reklamowane są jako „spalające tłuszcz” czy sprawiające „przyrost masy mięśniowej”. Odpowiemy na pytania czy warto korzystać z kreatyny, białka BCAA, L-karnityny czy argininy. Na koniec przewidziana jest część dyskusyjna z możliwością zadawania pytań dotyczących zarówno prezentacji, jak i samych studiów medycznych.         <br>Kontakt w sprawie ustalenia terminu zajęć: <a href="mailto:piotr.zatyka@student.umed.wroc.pl">piotr.zatyka@student.umed.wroc.pl</a> </p>



<h2 class="wp-block-heading">Muzea</h2>



<h3 class="has-text-align-center wp-block-heading"><strong>Muzeum Farmacji</strong></h3>



<figure class="wp-block-image size-large"><img loading="lazy" decoding="async" width="1024" height="269" src="https://www.formularze.umed.wroc.pl/wycieczki/wp-content/uploads/2020/11/muzeum-farmacji-1024x269.jpg" alt="" class="wp-image-866" srcset="https://app.umw.edu.pl/wycieczki/wp-content/uploads/2020/11/muzeum-farmacji-1024x269.jpg 1024w, https://app.umw.edu.pl/wycieczki/wp-content/uploads/2020/11/muzeum-farmacji-300x79.jpg 300w, https://app.umw.edu.pl/wycieczki/wp-content/uploads/2020/11/muzeum-farmacji-768x202.jpg 768w, https://app.umw.edu.pl/wycieczki/wp-content/uploads/2020/11/muzeum-farmacji.jpg 1140w" sizes="auto, (max-width: 1024px) 100vw, 1024px" /></figure>



<p>Muzeum Farmacji znajdujące się przy ul. Kurzy Targ 4 we Wrocławiu.<br>Więcej o muzeum na jego <a href="http://muzeumfarmacji.umw.edu.pl/">STRONIE INTERNETOWEJ</a><br>W celu dokonania rezerwacji zapraszamy do kontaktu z pracownikami muzeum  pod numerem telefonu: 71 784 04 40 </p>



<p></p>

<p>Zajęcia edukacyjne Zapraszamy do zapoznania się z ofertą zajęć dla grup zorganizowanych. Poza spotkaniem dotyczącym rekrutacji na studia, zachęcamy do wzięcia udziału w warsztatach przygotowanych przez organizacje studenckie działające na Uniwersytecie Medycznym we Wrocławiu.. Spotkanie dla osób zainteresowanych studiami medycznymi Grupa docelowa: uczniowie liceów, najbardziej przydatne dla klas maturalnychProwadzi: pracownik Działu MarketinguForma do wyboru: spotkanie</p>
<div><a class="btn-filled btn" href="https://app.umw.edu.pl/wycieczki/zajecia-w-czasie-pandemii/" title="Zajęcia edukacyjne">Czytaj więcej</a></div>
