{"id":443,"date":"2019-09-30T14:06:14","date_gmt":"2019-09-30T12:06:14","guid":{"rendered":"https:\/\/www.formularze.umed.wroc.pl\/wycieczki\/?page_id=443"},"modified":"2022-03-07T12:59:42","modified_gmt":"2022-03-07T11:59:42","slug":"jak-trafic","status":"publish","type":"page","link":"https:\/\/app.umw.edu.pl\/wycieczki\/jak-trafic\/","title":{"rendered":"Jak trafi\u0107"},"content":{"rendered":"\n<p><strong>WA\u017bNE\nADRESY<\/strong><\/p>\n\n\n\n<p>Zaj\u0119cia najcz\u0119\u015bciej odbywaj\u0105 si\u0119 w 2 lokalizacjach: na Kampusie Kliniki i na Kampusie przy ul. Borowskiej.<\/p>\n\n\n\n<p><strong>Kampus Kliniki<\/strong> rozci\u0105ga si\u0119 wzd\u0142u\u017c ul. Tytusa Cha\u0142ubi\u0144skiego i ul. Karola Marcinkowskiego we Wroc\u0142awiu <\/p>\n\n\n\n<figure class=\"wp-block-image\"><img loading=\"lazy\" decoding=\"async\" width=\"1024\" height=\"699\" src=\"https:\/\/www.formularze.umed.wroc.pl\/wycieczki\/wp-content\/uploads\/2019\/09\/mapka-kampus-kliniki-1024x699.jpg\" alt=\"\" class=\"wp-image-457\" srcset=\"https:\/\/app.umw.edu.pl\/wycieczki\/wp-content\/uploads\/2019\/09\/mapka-kampus-kliniki-1024x699.jpg 1024w, https:\/\/app.umw.edu.pl\/wycieczki\/wp-content\/uploads\/2019\/09\/mapka-kampus-kliniki-300x205.jpg 300w, https:\/\/app.umw.edu.pl\/wycieczki\/wp-content\/uploads\/2019\/09\/mapka-kampus-kliniki-768x524.jpg 768w\" sizes=\"auto, (max-width: 1024px) 100vw, 1024px\" \/><figcaption>Najwa\u017cniejsze punkty orientacyjne na Kampusie Kliniki<\/figcaption><\/figure>\n\n\n\n<p><strong>Centrum Naukowej Informacji Medycznej (Biblioteka UMW)<\/strong> ul. Marcinkowskiego 2-6.<br><\/p>\n\n\n\n<div class=\"wp-block-image\"><figure class=\"aligncenter size-large is-resized\"><img loading=\"lazy\" decoding=\"async\" src=\"https:\/\/www.formularze.umed.wroc.pl\/wycieczki\/wp-content\/uploads\/2020\/03\/IMG_1238-1024x779.jpg\" alt=\"\" class=\"wp-image-815\" width=\"302\" height=\"230\" srcset=\"https:\/\/app.umw.edu.pl\/wycieczki\/wp-content\/uploads\/2020\/03\/IMG_1238-1024x779.jpg 1024w, https:\/\/app.umw.edu.pl\/wycieczki\/wp-content\/uploads\/2020\/03\/IMG_1238-300x228.jpg 300w, https:\/\/app.umw.edu.pl\/wycieczki\/wp-content\/uploads\/2020\/03\/IMG_1238-768x584.jpg 768w, https:\/\/app.umw.edu.pl\/wycieczki\/wp-content\/uploads\/2020\/03\/IMG_1238.jpg 1200w\" sizes=\"auto, (max-width: 302px) 100vw, 302px\" \/><\/figure><\/div>\n\n\n\n<p><strong>Kampus na Borowskiej<\/strong> Tworz\u0105 go budynki Wydzia\u0142u Farmaceutycznego \u2013 ul. Borowska 211 Wroc\u0142aw oraz Uniwersytecki Szpital Kliniczny im. Jana Mikulicza-Radeckiego we Wroc\u0142awiu<\/p>\n\n\n\n<div class=\"wp-block-image\"><figure class=\"aligncenter size-large is-resized\"><img loading=\"lazy\" decoding=\"async\" src=\"https:\/\/www.formularze.umed.wroc.pl\/wycieczki\/wp-content\/uploads\/2020\/03\/farmacja-1024x683.jpg\" alt=\"\" class=\"wp-image-820\" width=\"307\" height=\"203\"\/><\/figure><\/div>\n\n\n\n<p>Czasem r\u00f3wnie\u017c zaj\u0119cia mog\u0105 odbywa\u0107 si\u0119 w\nmiejscach takich jak:<\/p>\n\n\n\n<p><strong>Wydzia\u0142 Nauk o Zdrowiu<\/strong> ul. Kazimierza Bartla 5 Wroc\u0142aw<\/p>\n\n\n\n<div class=\"wp-block-image\"><figure class=\"aligncenter size-large is-resized\"><img loading=\"lazy\" decoding=\"async\" src=\"https:\/\/www.formularze.umed.wroc.pl\/wycieczki\/wp-content\/uploads\/2020\/03\/DSC7220crop-1024x862.jpg\" alt=\"\" class=\"wp-image-821\" width=\"309\" height=\"260\" srcset=\"https:\/\/app.umw.edu.pl\/wycieczki\/wp-content\/uploads\/2020\/03\/DSC7220crop-1024x862.jpg 1024w, https:\/\/app.umw.edu.pl\/wycieczki\/wp-content\/uploads\/2020\/03\/DSC7220crop-300x253.jpg 300w, https:\/\/app.umw.edu.pl\/wycieczki\/wp-content\/uploads\/2020\/03\/DSC7220crop-768x646.jpg 768w, https:\/\/app.umw.edu.pl\/wycieczki\/wp-content\/uploads\/2020\/03\/DSC7220crop.jpg 1200w\" sizes=\"auto, (max-width: 309px) 100vw, 309px\" \/><\/figure><\/div>\n\n\n\n<p><strong>Muzeum Farmacji<\/strong> ul. Kurzy Targ 4 Wroc\u0142aw <\/p>\n\n\n\n<div class=\"wp-block-image\"><figure class=\"aligncenter size-large is-resized\"><img loading=\"lazy\" decoding=\"async\" src=\"https:\/\/www.formularze.umed.wroc.pl\/wycieczki\/wp-content\/uploads\/2020\/03\/Muzeum-Farmacji.jpg\" alt=\"\" class=\"wp-image-819\" width=\"324\" height=\"220\" srcset=\"https:\/\/app.umw.edu.pl\/wycieczki\/wp-content\/uploads\/2020\/03\/Muzeum-Farmacji.jpg 400w, https:\/\/app.umw.edu.pl\/wycieczki\/wp-content\/uploads\/2020\/03\/Muzeum-Farmacji-300x204.jpg 300w\" sizes=\"auto, (max-width: 324px) 100vw, 324px\" \/><\/figure><\/div>\n\n\n\n<p class=\"has-text-align-center\"><strong>DOJAZDY<\/strong><\/p>\n\n\n\n<p><strong>Autokary<\/strong><\/p>\n\n\n\n<p>Parkingi dla autokar\u00f3w we Wroc\u0142awiu mo\u017cna znale\u017a\u0107 na stronie: <a href=\"https:\/\/www.wroclaw.pl\/portal\/parking-bus#mapa\">https:\/\/www.wroclaw.pl\/portal\/parking-bus#mapa <\/a><\/p>\n\n\n\n<p>Najbli\u017cszej kampusu Kliniki:<br>ul. Mickiewicza, 6 miejsc parkingowych \u2013 bezp\u0142atny, bez ogranicze\u0144 czasowych<br>ul. Wystawowa, 6 miejsc postojowych \u2013 post\u00f3j do 15 minut<\/p>\n\n\n\n<p>Najbli\u017cej kampusu na Borowskiej:<br>ul. \u015al\u0119\u017cna, 2 miejsca parkingowe \u2013 bezp\u0142atny, bez ogranicze\u0144 czasowych<br><\/p>\n\n\n\n<p><strong>Komunikacja miejska<\/strong><\/p>\n\n\n\n<p>Rodzaje i ceny bilet\u00f3w mo\u017cna\nsprawdzi\u0107 na stronie: <a href=\"https:\/\/www.wroclaw.pl\/rodzaje-i-ceny-biletow\">https:\/\/www.wroclaw.pl\/rodzaje-i-ceny-biletow<\/a><\/p>\n\n\n\n<p>Dla grup zorganizowanych polecamy:<br>Bilety grupowe\u2013 uprawniaj\u0105ce nie wi\u0119cej ni\u017c 15 os\u00f3b do korzystania z nieograniczonej liczby przejazd\u00f3w na wszystkich typach linii do 30 minut liczonych od godziny skasowania biletu lub do jednokrotnego przejazdu \u015brodkiem komunikacji, w kt\u00f3rym zosta\u0142 skasowany, jednak nie d\u0142u\u017cej ni\u017c do momentu dotarcia przez pojazd do przystanku ko\u0144cowego w\u0142a\u015bciwego dla danego kierunku linii lub ostatniego przystanku przed zjazdem do zajezdni.<br>Koszt: Ulgowy 18 z\u0142, Normalny 36 z\u0142<\/p>\n\n\n\n<p><strong>Dojazd\nz Dworca G\u0142\u00f3wnego PKP i G\u0142\u00f3wnego Dworca Autobusowego: <\/strong><\/p>\n\n\n\n<p><strong>Na kampus Kliniki<\/strong><br>Tramwaj 2, Autobusy 145 i 146<br>Z przystanku Dworzec G\u0142\u00f3wny do przystanku Kliniki-Politechnika<\/p>\n\n\n\n<p><strong>Na kampus na Borowskiej<\/strong><br>Autobusy 113, 146, K<br>Z przystanku Dworzec Autobusowy lub Dworzec G\u0142\u00f3wny do przystanku Dzia\u0142kowa lub Borowska (Szpital)<\/p>\n\n\n\n<p><strong>Wydzia\u0142 Nauk o Zdrowiu<\/strong><br>Tramwaj 2, Autobusy 145 i 146<br>Z przystanku Dworzec G\u0142\u00f3wny do przystanku Hala Stulecia<\/p>\n\n\n\n<p><strong>Muzeum Farmacji<\/strong><br>Tramwaj 8 i 9<br>Z przystanku Dworzec G\u0142\u00f3wny do przystanku Galeria Dominika\u0144ska<br>Tramwaj 15 i Autobus K<br>Z przystanku Dworzec G\u0142\u00f3wny do przystanku \u015awidnicka<\/p>\n\n\n\n<p>Prosz\u0119 przed przyjazdem do Wroc\u0142awia sprawdzi\u0107 czy nie ma czasowych zmian w organizacji ruchu, kt\u00f3re mog\u0105 zmieni\u0107 spos\u00f3b dojazdu na zaj\u0119cia: <a href=\"https:\/\/www.wroclaw.pl\/remonty-i-utrudnienia\">https:\/\/www.wroclaw.pl\/remonty-i-utrudnienia<\/a><\/p>\n","protected":false},"excerpt":{"rendered":"<p>WA\u017bNE ADRESY Zaj\u0119cia najcz\u0119\u015bciej odbywaj\u0105 si\u0119 w 2 lokalizacjach: na Kampusie Kliniki i na Kampusie przy ul. Borowskiej. Kampus Kliniki rozci\u0105ga si\u0119 wzd\u0142u\u017c ul. Tytusa Cha\u0142ubi\u0144skiego i ul. Karola Marcinkowskiego we Wroc\u0142awiu Centrum Naukowej Informacji Medycznej (Biblioteka UMW) ul. Marcinkowskiego 2-6. Kampus na Borowskiej Tworz\u0105 go budynki Wydzia\u0142u Farmaceutycznego \u2013 ul. Borowska 211 Wroc\u0142aw oraz<\/p>\n<div><a class=\"btn-filled btn\" href=\"https:\/\/app.umw.edu.pl\/wycieczki\/jak-trafic\/\" title=\"Jak trafi\u0107\">Czytaj wi\u0119cej<\/a><\/div>\n","protected":false},"author":1,"featured_media":0,"parent":0,"menu_order":0,"comment_status":"closed","ping_status":"closed","template":"","meta":{"footnotes":""},"class_list":["post-443","page","type-page","status-publish","hentry"],"_links":{"self":[{"href":"https:\/\/app.umw.edu.pl\/wycieczki\/wp-json\/wp\/v2\/pages\/443","targetHints":{"allow":["GET"]}}],"collection":[{"href":"https:\/\/app.umw.edu.pl\/wycieczki\/wp-json\/wp\/v2\/pages"}],"about":[{"href":"https:\/\/app.umw.edu.pl\/wycieczki\/wp-json\/wp\/v2\/types\/page"}],"author":[{"embeddable":true,"href":"https:\/\/app.umw.edu.pl\/wycieczki\/wp-json\/wp\/v2\/users\/1"}],"replies":[{"embeddable":true,"href":"https:\/\/app.umw.edu.pl\/wycieczki\/wp-json\/wp\/v2\/comments?post=443"}],"version-history":[{"count":11,"href":"https:\/\/app.umw.edu.pl\/wycieczki\/wp-json\/wp\/v2\/pages\/443\/revisions"}],"predecessor-version":[{"id":1016,"href":"https:\/\/app.umw.edu.pl\/wycieczki\/wp-json\/wp\/v2\/pages\/443\/revisions\/1016"}],"wp:attachment":[{"href":"https:\/\/app.umw.edu.pl\/wycieczki\/wp-json\/wp\/v2\/media?parent=443"}],"curies":[{"name":"wp","href":"https:\/\/api.w.org\/{rel}","templated":true}]}}