{"id":26,"date":"2019-08-23T13:49:33","date_gmt":"2019-08-23T11:49:33","guid":{"rendered":"https:\/\/www.formularze.umed.wroc.pl\/wycieczki\/?page_id=26"},"modified":"2022-10-05T08:34:19","modified_gmt":"2022-10-05T06:34:19","slug":"o-wycieczkach","status":"publish","type":"page","link":"https:\/\/app.umw.edu.pl\/wycieczki\/o-wycieczkach\/","title":{"rendered":"Wizyta na uczelni"},"content":{"rendered":"\n<p><strong>Zapraszamy grupy zorganizowane ze szk\u00f3\u0142 \u015brednich na wycieczki z  indywidualnie dobranym programem, dopasowanym do profilu grupy i dost\u0119pno\u015bci Uczelni.<\/strong><\/p>\n\n\n\n<p> Je\u015bli jeste\u015b nauczycielem szko\u0142y \u015bredniej i chcesz, aby Twoi uczniowie mogli zobaczy\u0107 co\u015b ciekawego i zastanowi\u0107 si\u0119 nad swoj\u0105 dalsz\u0105 karier\u0105 zawodow\u0105, warto zabra\u0107 ich na wycieczk\u0119 na UMW. <\/p>\n\n\n\n<div class=\"wp-block-columns has-2-columns is-layout-flex wp-container-core-columns-is-layout-1 wp-block-columns-is-layout-flex\">\n<div class=\"wp-block-column is-layout-flow wp-block-column-is-layout-flow\">\n<p><\/p>\n\n\n\n<h6 class=\"wp-block-heading\"><strong>Dlaczego Uniwersytet Medyczny we Wroc\u0142awiu to ciekawe miejsce?<\/strong><\/h6>\n\n\n\n<p>Uczymy, leczymy, rozwijamy nauk\u0119, u\u015bwiadamiamy i przesuwamy granice. Wi\u0119cej dowiesz si\u0119 <a href=\"https:\/\/www.rekrutacja.umed.wroc.pl\/o-uczelni\/\">tutaj<\/a><\/p>\n\n\n\n<h6 class=\"wp-block-heading\"><strong>Czego mo\u017cesz si\u0119 spodziewa\u0107 podczas wizyty?<\/strong><\/h6>\n\n\n\n<p>Podczas wizyty na UMW mo\u017cna <strong>zwiedzi\u0107<\/strong> kampus uczelni, jedno z naszych muze\u00f3w lub kt\u00f3r\u0105\u015b z  pracowni. <\/p>\n\n\n\n<figure class=\"wp-block-image\"><img loading=\"lazy\" decoding=\"async\" width=\"700\" height=\"459\" src=\"https:\/\/www.formularze.umed.wroc.pl\/wycieczki\/wp-content\/uploads\/2019\/09\/Anatomia-\u015brednia.jpg\" alt=\"\" class=\"wp-image-380\" srcset=\"https:\/\/app.umw.edu.pl\/wycieczki\/wp-content\/uploads\/2019\/09\/Anatomia-\u015brednia.jpg 700w, https:\/\/app.umw.edu.pl\/wycieczki\/wp-content\/uploads\/2019\/09\/Anatomia-\u015brednia-300x197.jpg 300w\" sizes=\"auto, (max-width: 700px) 100vw, 700px\" \/><figcaption> Serce uczelni &#8211; zabytkowy kampus utworzony na bazie XIX-wiecznego kompleksu klinik. <\/figcaption><\/figure>\n\n\n\n<figure class=\"wp-block-image size-large\"><img loading=\"lazy\" decoding=\"async\" width=\"1024\" height=\"683\" src=\"https:\/\/www.formularze.umed.wroc.pl\/wycieczki\/wp-content\/uploads\/2020\/03\/farmacja-1024x683.jpg\" alt=\"\" class=\"wp-image-820\" srcset=\"https:\/\/app.umw.edu.pl\/wycieczki\/wp-content\/uploads\/2020\/03\/farmacja-1024x683.jpg 1024w, https:\/\/app.umw.edu.pl\/wycieczki\/wp-content\/uploads\/2020\/03\/farmacja-300x200.jpg 300w, https:\/\/app.umw.edu.pl\/wycieczki\/wp-content\/uploads\/2020\/03\/farmacja-768x512.jpg 768w, https:\/\/app.umw.edu.pl\/wycieczki\/wp-content\/uploads\/2020\/03\/farmacja.jpg 1384w\" sizes=\"auto, (max-width: 1024px) 100vw, 1024px\" \/><figcaption>  Nowoczesny kampus przy ul. Borowskiej, w kt\u00f3rego laboratoriach kszta\u0142c\u0105 si\u0119 studenci Wydzia\u0142u Farmaceutycznego. <\/figcaption><\/figure>\n\n\n\n<p>Podczas wizyty staramy si\u0119 zapewni\u0107 mo\u017cliwo\u015b\u0107 rozmowy z naszymi studentami. Uczniowie b\u0119d\u0105 mieli szans\u0119 zapyta\u0107 o studia i zaw\u00f3d przysz\u0142ych:<br>&#8211; lekarzy<br>&#8211; stomatolog\u00f3w<br>&#8211; farmaceut\u00f3w<br>&#8211; analityk\u00f3w medycznych (diagnost\u00f3w laboratoryjnych)<br>&#8211; piel\u0119gniarki<br>&#8211; po\u0142o\u017cne<br>&#8211; ratownik\u00f3w medycznych<br>&#8211; fizjoterapeut\u00f3w<br>&#8211; dietetyk\u00f3w<br>&#8211; ekspert\u00f3w zdrowia publicznego<\/p>\n<\/div>\n\n\n\n<div class=\"wp-block-column is-layout-flow wp-block-column-is-layout-flow\">\n<p><\/p>\n\n\n\n<h6 class=\"has-text-align-center wp-block-heading\"><strong>Jak um\u00f3wi\u0107 si\u0119 na wycieczk\u0119?<\/strong> <\/h6>\n\n\n\n<p class=\"has-text-align-left\">1. Wybierz termin na stronie &#8222;Rezerwacja spotka\u0144&#8221;<\/p>\n\n\n\n<div class=\"wp-block-button aligncenter\"><a class=\"wp-block-button__link has-background has-vivid-cyan-blue-background-color\" href=\"https:\/\/www.formularze.umed.wroc.pl\/wycieczki\/kalendarz-wycieczek\/\">Zarezerwuj termin<\/a><\/div>\n\n\n\n<p><\/p>\n\n\n\n<p>2. Wype\u0142nij arkusz zg\u0142oszeniowy podaj\u0105c informacje dotycz\u0105ce grupy.<\/p>\n\n\n\n<p>3. Poczekaj na potwierdzenie rezerwacji lub pro\u015bb\u0119 o wyb\u00f3r nowego terminu.<\/p>\n\n\n\n<p>4. Poczekaj na kontakt ze strony pracownika UMW, kt\u00f3ry zg\u0142osi si\u0119 z proponowanym programem zwiedzania.<\/p>\n\n\n\n<p>    Je\u015bli w kalendarzu nie ma dost\u0119pnych termin\u00f3w wy\u015blij email na adres pola.janus@umw.edu.pl<br>   <br><\/p>\n\n\n\n<p><\/p>\n\n\n\n<h6 class=\"wp-block-heading\"><strong>Do kogo przede wszystkim skierowana jest oferta wycieczek:<\/strong> <\/h6>\n\n\n\n<p>&#8211; uczniowie klas biologiczno-chemicznych, zainteresowanych tematyk\u0105 zdrowia<br>&#8211; uczniowie klas mundurowych, przede wszystkim o profilu ratownictwa medycznego<br>&#8211; uczniowie szk\u00f3\u0142 \u015brednich z ca\u0142ej Polski <\/p>\n\n\n\n<p>     <br>   <br>  <\/p>\n\n\n\n<h6 class=\"wp-block-heading\"><strong>Dla kogo warto wybra\u0107 inn\u0105 form\u0119 ni\u017c wycieczka po Uniwersytecie:<\/strong> <\/h6>\n\n\n\n<p>&#8211; dla m\u0142odzie\u017cy ze szk\u00f3\u0142 podstawowych i dzieci przedszkolnych &#8211; dla nich studenci przygotowane maj\u0105 zaj\u0119cia, prowadzone na terenie szko\u0142y, takie jak &#8222;Szpital pluszowego misia&#8221; i &#8222;M\u0142ody diagnosta laboratoryjny&#8221; &#8211; w tej sprawie prosimy o kontakt mailowy: anna.tumidajewicz@umw.edu.pl<br>&#8211; dla os\u00f3b NIE interesuj\u0105cych si\u0119 chemi\u0105, biologi\u0105, zdrowym stylem \u017cycia<\/p>\n\n\n\n<p><\/p>\n<\/div>\n<\/div>\n","protected":false},"excerpt":{"rendered":"<p>Zapraszamy grupy zorganizowane ze szk\u00f3\u0142 \u015brednich na wycieczki z indywidualnie dobranym programem, dopasowanym do profilu grupy i dost\u0119pno\u015bci Uczelni. Je\u015bli jeste\u015b nauczycielem szko\u0142y \u015bredniej i chcesz, aby Twoi uczniowie mogli zobaczy\u0107 co\u015b ciekawego i zastanowi\u0107 si\u0119 nad swoj\u0105 dalsz\u0105 karier\u0105 zawodow\u0105, warto zabra\u0107 ich na wycieczk\u0119 na UMW. Dlaczego Uniwersytet Medyczny we Wroc\u0142awiu to ciekawe<\/p>\n<div><a class=\"btn-filled btn\" href=\"https:\/\/app.umw.edu.pl\/wycieczki\/o-wycieczkach\/\" title=\"Wizyta na uczelni\">Czytaj wi\u0119cej<\/a><\/div>\n","protected":false},"author":1,"featured_media":0,"parent":0,"menu_order":0,"comment_status":"closed","ping_status":"closed","template":"","meta":{"footnotes":""},"class_list":["post-26","page","type-page","status-publish","hentry"],"_links":{"self":[{"href":"https:\/\/app.umw.edu.pl\/wycieczki\/wp-json\/wp\/v2\/pages\/26","targetHints":{"allow":["GET"]}}],"collection":[{"href":"https:\/\/app.umw.edu.pl\/wycieczki\/wp-json\/wp\/v2\/pages"}],"about":[{"href":"https:\/\/app.umw.edu.pl\/wycieczki\/wp-json\/wp\/v2\/types\/page"}],"author":[{"embeddable":true,"href":"https:\/\/app.umw.edu.pl\/wycieczki\/wp-json\/wp\/v2\/users\/1"}],"replies":[{"embeddable":true,"href":"https:\/\/app.umw.edu.pl\/wycieczki\/wp-json\/wp\/v2\/comments?post=26"}],"version-history":[{"count":42,"href":"https:\/\/app.umw.edu.pl\/wycieczki\/wp-json\/wp\/v2\/pages\/26\/revisions"}],"predecessor-version":[{"id":1270,"href":"https:\/\/app.umw.edu.pl\/wycieczki\/wp-json\/wp\/v2\/pages\/26\/revisions\/1270"}],"wp:attachment":[{"href":"https:\/\/app.umw.edu.pl\/wycieczki\/wp-json\/wp\/v2\/media?parent=26"}],"curies":[{"name":"wp","href":"https:\/\/api.w.org\/{rel}","templated":true}]}}

<p><strong>Zapraszamy grupy zorganizowane ze szkół średnich na wycieczki z  indywidualnie dobranym programem, dopasowanym do profilu grupy i dostępności Uczelni.</strong></p>



<p> Jeśli jesteś nauczycielem szkoły średniej i chcesz, aby Twoi uczniowie mogli zobaczyć coś ciekawego i zastanowić się nad swoją dalszą karierą zawodową, warto zabrać ich na wycieczkę na UMW. </p>



<div class="wp-block-columns has-2-columns is-layout-flex wp-container-core-columns-is-layout-1 wp-block-columns-is-layout-flex">
<div class="wp-block-column is-layout-flow wp-block-column-is-layout-flow">
<p></p>



<h6 class="wp-block-heading"><strong>Dlaczego Uniwersytet Medyczny we Wrocławiu to ciekawe miejsce?</strong></h6>



<p>Uczymy, leczymy, rozwijamy naukę, uświadamiamy i przesuwamy granice. Więcej dowiesz się <a href="https://www.rekrutacja.umed.wroc.pl/o-uczelni/">tutaj</a></p>



<h6 class="wp-block-heading"><strong>Czego możesz się spodziewać podczas wizyty?</strong></h6>



<p>Podczas wizyty na UMW można <strong>zwiedzić</strong> kampus uczelni, jedno z naszych muzeów lub którąś z  pracowni. </p>



<figure class="wp-block-image"><img loading="lazy" decoding="async" width="700" height="459" src="https://www.formularze.umed.wroc.pl/wycieczki/wp-content/uploads/2019/09/Anatomia-średnia.jpg" alt="" class="wp-image-380" srcset="https://app.umw.edu.pl/wycieczki/wp-content/uploads/2019/09/Anatomia-średnia.jpg 700w, https://app.umw.edu.pl/wycieczki/wp-content/uploads/2019/09/Anatomia-średnia-300x197.jpg 300w" sizes="auto, (max-width: 700px) 100vw, 700px" /><figcaption> Serce uczelni &#8211; zabytkowy kampus utworzony na bazie XIX-wiecznego kompleksu klinik. </figcaption></figure>



<figure class="wp-block-image size-large"><img loading="lazy" decoding="async" width="1024" height="683" src="https://www.formularze.umed.wroc.pl/wycieczki/wp-content/uploads/2020/03/farmacja-1024x683.jpg" alt="" class="wp-image-820" srcset="https://app.umw.edu.pl/wycieczki/wp-content/uploads/2020/03/farmacja-1024x683.jpg 1024w, https://app.umw.edu.pl/wycieczki/wp-content/uploads/2020/03/farmacja-300x200.jpg 300w, https://app.umw.edu.pl/wycieczki/wp-content/uploads/2020/03/farmacja-768x512.jpg 768w, https://app.umw.edu.pl/wycieczki/wp-content/uploads/2020/03/farmacja.jpg 1384w" sizes="auto, (max-width: 1024px) 100vw, 1024px" /><figcaption>  Nowoczesny kampus przy ul. Borowskiej, w którego laboratoriach kształcą się studenci Wydziału Farmaceutycznego. </figcaption></figure>



<p>Podczas wizyty staramy się zapewnić możliwość rozmowy z naszymi studentami. Uczniowie będą mieli szansę zapytać o studia i zawód przyszłych:<br>&#8211; lekarzy<br>&#8211; stomatologów<br>&#8211; farmaceutów<br>&#8211; analityków medycznych (diagnostów laboratoryjnych)<br>&#8211; pielęgniarki<br>&#8211; położne<br>&#8211; ratowników medycznych<br>&#8211; fizjoterapeutów<br>&#8211; dietetyków<br>&#8211; ekspertów zdrowia publicznego</p>
</div>



<div class="wp-block-column is-layout-flow wp-block-column-is-layout-flow">
<p></p>



<h6 class="has-text-align-center wp-block-heading"><strong>Jak umówić się na wycieczkę?</strong> </h6>



<p class="has-text-align-left">1. Wybierz termin na stronie &#8222;Rezerwacja spotkań&#8221;</p>



<div class="wp-block-button aligncenter"><a class="wp-block-button__link has-background has-vivid-cyan-blue-background-color" href="https://www.formularze.umed.wroc.pl/wycieczki/kalendarz-wycieczek/">Zarezerwuj termin</a></div>



<p></p>



<p>2. Wypełnij arkusz zgłoszeniowy podając informacje dotyczące grupy.</p>



<p>3. Poczekaj na potwierdzenie rezerwacji lub prośbę o wybór nowego terminu.</p>



<p>4. Poczekaj na kontakt ze strony pracownika UMW, który zgłosi się z proponowanym programem zwiedzania.</p>



<p>    Jeśli w kalendarzu nie ma dostępnych terminów wyślij email na adres pola.janus@umw.edu.pl<br>   <br></p>



<p></p>



<h6 class="wp-block-heading"><strong>Do kogo przede wszystkim skierowana jest oferta wycieczek:</strong> </h6>



<p>&#8211; uczniowie klas biologiczno-chemicznych, zainteresowanych tematyką zdrowia<br>&#8211; uczniowie klas mundurowych, przede wszystkim o profilu ratownictwa medycznego<br>&#8211; uczniowie szkół średnich z całej Polski </p>



<p>     <br>   <br>  </p>



<h6 class="wp-block-heading"><strong>Dla kogo warto wybrać inną formę niż wycieczka po Uniwersytecie:</strong> </h6>



<p>&#8211; dla młodzieży ze szkół podstawowych i dzieci przedszkolnych &#8211; dla nich studenci przygotowane mają zajęcia, prowadzone na terenie szkoły, takie jak &#8222;Szpital pluszowego misia&#8221; i &#8222;Młody diagnosta laboratoryjny&#8221; &#8211; w tej sprawie prosimy o kontakt mailowy: anna.tumidajewicz@umw.edu.pl<br>&#8211; dla osób NIE interesujących się chemią, biologią, zdrowym stylem życia</p>



<p></p>
</div>
</div>

<p>Zapraszamy grupy zorganizowane ze szkół średnich na wycieczki z indywidualnie dobranym programem, dopasowanym do profilu grupy i dostępności Uczelni. Jeśli jesteś nauczycielem szkoły średniej i chcesz, aby Twoi uczniowie mogli zobaczyć coś ciekawego i zastanowić się nad swoją dalszą karierą zawodową, warto zabrać ich na wycieczkę na UMW. Dlaczego Uniwersytet Medyczny we Wrocławiu to ciekawe</p>
<div><a class="btn-filled btn" href="https://app.umw.edu.pl/wycieczki/o-wycieczkach/" title="Wizyta na uczelni">Czytaj więcej</a></div>
