{"id":14,"date":"2019-08-23T13:43:36","date_gmt":"2019-08-23T11:43:36","guid":{"rendered":"https:\/\/www.formularze.umed.wroc.pl\/wycieczki\/?page_id=14"},"modified":"2023-03-01T11:13:10","modified_gmt":"2023-03-01T10:13:10","slug":"kalendarz-wycieczek","status":"publish","type":"page","link":"https:\/\/app.umw.edu.pl\/wycieczki\/kalendarz-wycieczek\/","title":{"rendered":"Rezerwacja spotka\u0144"},"content":{"rendered":"\n<h3 class=\"has-text-align-center wp-block-heading\">Zarezerwuj wycieczk\u0119 podczas Dnia Otwartego UMW <\/h3>\n\n\n\n<ul class=\"wp-block-list\"><li>zwiedzanie Muzeum Anatomii UMW <\/li><\/ul>\n\n\n\n<div id=\"em-calendar-114\" class=\"em-calendar-wrapper\"><table id=\"cal-table\" class=\"em-calendar fullcalendar\">\r\n\t<thead>\r\n\t\t<tr>\r\n\t\t\t<td><a class=\"em-calnav full-link em-calnav-prev\" href=\"\/wycieczki\/wp-json\/wp\/v2\/pages\/14?full=1&#038;ajaxCalendar=1&#038;mo=3&#038;yr=2026\">&lt;&lt;<\/a><\/td>\r\n\t\t\t<td class=\"month_name\" colspan=\"5\">kwiecie\u0144 2026<\/td>\r\n\t\t\t<td><a class=\"em-calnav full-link em-calnav-next\" href=\"\/wycieczki\/wp-json\/wp\/v2\/pages\/14?full=1&#038;ajaxCalendar=1&#038;mo=5&#038;yr=2026\">&gt;&gt;<\/a><\/td>\r\n\t\t<\/tr>\r\n\t<\/thead>\r\n\t<tbody>\r\n\t\t<tr class=\"days-names\">\r\n\t\t\t<td>poniedzia\u0142ek<\/td><td>wtorek<\/td><td>\u015broda<\/td><td>czwartek<\/td><td>pi\u0105tek<\/td><td>sobota<\/td><td>niedziela<\/td>\r\n\t\t<\/tr>\r\n\t\t<tr class=\"new-row\">\r\n\t\t\t\t\t\t\t<td class=\"eventless-pre\">\r\n\t\t\t\t\t\t\t\t\t\t30\t\t\t\t\t\t\t\t\t<\/td>\r\n\t\t\t\t\t\t\t\t<td class=\"eventless-pre\">\r\n\t\t\t\t\t\t\t\t\t\t31\t\t\t\t\t\t\t\t\t<\/td>\r\n\t\t\t\t\t\t\t\t<td class=\"eventless\">\r\n\t\t\t\t\t\t\t\t\t\t1\t\t\t\t\t\t\t\t\t<\/td>\r\n\t\t\t\t\t\t\t\t<td class=\"eventless\">\r\n\t\t\t\t\t\t\t\t\t\t2\t\t\t\t\t\t\t\t\t<\/td>\r\n\t\t\t\t\t\t\t\t<td class=\"eventless\">\r\n\t\t\t\t\t\t\t\t\t\t3\t\t\t\t\t\t\t\t\t<\/td>\r\n\t\t\t\t\t\t\t\t<td class=\"eventless\">\r\n\t\t\t\t\t\t\t\t\t\t4\t\t\t\t\t\t\t\t\t<\/td>\r\n\t\t\t\t\t\t\t\t<td class=\"eventless\">\r\n\t\t\t\t\t\t\t\t\t\t5\t\t\t\t\t\t\t\t\t<\/td>\r\n\t\t\t\t<\/tr><tr class=\"new-row\">\t\t\t\t<td class=\"eventless\">\r\n\t\t\t\t\t\t\t\t\t\t6\t\t\t\t\t\t\t\t\t<\/td>\r\n\t\t\t\t\t\t\t\t<td class=\"eventless\">\r\n\t\t\t\t\t\t\t\t\t\t7\t\t\t\t\t\t\t\t\t<\/td>\r\n\t\t\t\t\t\t\t\t<td class=\"eventless\">\r\n\t\t\t\t\t\t\t\t\t\t8\t\t\t\t\t\t\t\t\t<\/td>\r\n\t\t\t\t\t\t\t\t<td class=\"eventless\">\r\n\t\t\t\t\t\t\t\t\t\t9\t\t\t\t\t\t\t\t\t<\/td>\r\n\t\t\t\t\t\t\t\t<td class=\"eventless\">\r\n\t\t\t\t\t\t\t\t\t\t10\t\t\t\t\t\t\t\t\t<\/td>\r\n\t\t\t\t\t\t\t\t<td class=\"eventless\">\r\n\t\t\t\t\t\t\t\t\t\t11\t\t\t\t\t\t\t\t\t<\/td>\r\n\t\t\t\t\t\t\t\t<td class=\"eventless\">\r\n\t\t\t\t\t\t\t\t\t\t12\t\t\t\t\t\t\t\t\t<\/td>\r\n\t\t\t\t<\/tr><tr class=\"new-row\">\t\t\t\t<td class=\"eventless\">\r\n\t\t\t\t\t\t\t\t\t\t13\t\t\t\t\t\t\t\t\t<\/td>\r\n\t\t\t\t\t\t\t\t<td class=\"eventless\">\r\n\t\t\t\t\t\t\t\t\t\t14\t\t\t\t\t\t\t\t\t<\/td>\r\n\t\t\t\t\t\t\t\t<td class=\"eventless\">\r\n\t\t\t\t\t\t\t\t\t\t15\t\t\t\t\t\t\t\t\t<\/td>\r\n\t\t\t\t\t\t\t\t<td class=\"eventless\">\r\n\t\t\t\t\t\t\t\t\t\t16\t\t\t\t\t\t\t\t\t<\/td>\r\n\t\t\t\t\t\t\t\t<td class=\"eventless\">\r\n\t\t\t\t\t\t\t\t\t\t17\t\t\t\t\t\t\t\t\t<\/td>\r\n\t\t\t\t\t\t\t\t<td class=\"eventless\">\r\n\t\t\t\t\t\t\t\t\t\t18\t\t\t\t\t\t\t\t\t<\/td>\r\n\t\t\t\t\t\t\t\t<td class=\"eventless\">\r\n\t\t\t\t\t\t\t\t\t\t19\t\t\t\t\t\t\t\t\t<\/td>\r\n\t\t\t\t<\/tr><tr class=\"new-row\">\t\t\t\t<td class=\"eventless\">\r\n\t\t\t\t\t\t\t\t\t\t20\t\t\t\t\t\t\t\t\t<\/td>\r\n\t\t\t\t\t\t\t\t<td class=\"eventless\">\r\n\t\t\t\t\t\t\t\t\t\t21\t\t\t\t\t\t\t\t\t<\/td>\r\n\t\t\t\t\t\t\t\t<td class=\"eventless\">\r\n\t\t\t\t\t\t\t\t\t\t22\t\t\t\t\t\t\t\t\t<\/td>\r\n\t\t\t\t\t\t\t\t<td class=\"eventless\">\r\n\t\t\t\t\t\t\t\t\t\t23\t\t\t\t\t\t\t\t\t<\/td>\r\n\t\t\t\t\t\t\t\t<td class=\"eventless\">\r\n\t\t\t\t\t\t\t\t\t\t24\t\t\t\t\t\t\t\t\t<\/td>\r\n\t\t\t\t\t\t\t\t<td class=\"eventless\">\r\n\t\t\t\t\t\t\t\t\t\t25\t\t\t\t\t\t\t\t\t<\/td>\r\n\t\t\t\t\t\t\t\t<td class=\"eventless-today\">\r\n\t\t\t\t\t\t\t\t\t\t26\t\t\t\t\t\t\t\t\t<\/td>\r\n\t\t\t\t<\/tr><tr class=\"new-row\">\t\t\t\t<td class=\"eventless\">\r\n\t\t\t\t\t\t\t\t\t\t27\t\t\t\t\t\t\t\t\t<\/td>\r\n\t\t\t\t\t\t\t\t<td class=\"eventless\">\r\n\t\t\t\t\t\t\t\t\t\t28\t\t\t\t\t\t\t\t\t<\/td>\r\n\t\t\t\t\t\t\t\t<td class=\"eventless\">\r\n\t\t\t\t\t\t\t\t\t\t29\t\t\t\t\t\t\t\t\t<\/td>\r\n\t\t\t\t\t\t\t\t<td class=\"eventless\">\r\n\t\t\t\t\t\t\t\t\t\t30\t\t\t\t\t\t\t\t\t<\/td>\r\n\t\t\t\t\t\t\t\t<td class=\"eventless-post\">\r\n\t\t\t\t\t\t\t\t\t\t1\t\t\t\t\t\t\t\t\t<\/td>\r\n\t\t\t\t\t\t\t\t<td class=\"eventless-post\">\r\n\t\t\t\t\t\t\t\t\t\t2\t\t\t\t\t\t\t\t\t<\/td>\r\n\t\t\t\t\t\t\t\t<td class=\"eventless-post\">\r\n\t\t\t\t\t\t\t\t\t\t3\t\t\t\t\t\t\t\t\t<\/td>\r\n\t\t\t\t\t\t<\/tr>\r\n\t<\/tbody>\r\n<\/table>\r\n\r\n<script src=\"https:\/\/code.jquery.com\/jquery-3.4.1.min.js\" integrity=\"sha256-CSXorXvZcTkaix6Yvo6HppcZGetbYMGWSFlBw8HfCJo=\" crossorigin=\"anonymous\"><\/script>\r\n\r\n<script>\t\r\n\/\/STRING REPLACE + NEW CLASS\r\n$('td.eventful').each(function() {\r\n\tvar elemH2 = $(this);\r\n\tvar stepOne = elemH2.text().trim();\r\n\tvar replaced = stepOne.replace(\/\\s\/g, '');\r\n\tvar onlyNumber = replaced.replace(\/[0-9]\/g, '');\r\n\tvar onlyWords = replaced.replace(\/\\D\/g,'');\r\n\tvar basicString = $(this);\r\n\tvar basicStringInner = basicString[0].innerHTML;\r\n\tvar stringSubStr = basicStringInner.substr(115);\r\n\tvar newString = onlyWords + stringSubStr;\r\n\r\nelemH2.replaceWith('<td class=\"eventful full-cell\">'+newString +'<\/td>');\r\n\r\n});\r\n\r\n$('td.eventful-today').each(function() {\r\n\tvar elemH2 = $(this);\r\n\tvar stepOne = elemH2.text().trim();\r\n\tvar replaced = stepOne.replace(\/\\s\/g, '');\r\n\tvar onlyNumber = replaced.replace(\/[0-9]\/g, '');\r\n\tvar onlyWords = replaced.replace(\/\\D\/g,'');\r\n\tvar basicString = $(this);\r\n\tvar basicStringInner = basicString[0].innerHTML;\r\n\tvar stringSubStr = basicStringInner.substr(115);\r\n\tvar newString = onlyWords + stringSubStr;\r\n\r\nelemH2.replaceWith('<td class=\"eventful full-cell\">'+newString +'<\/td>');\r\n\r\n});\r\n\r\n\r\n$('td.eventful-pre').each(function() {\r\n\tvar elemH2 = $(this);\r\n\tvar stepOne = elemH2.text().trim();\r\n\tvar replaced = stepOne.replace(\/\\s\/g, '');\r\n\tvar onlyNumber = replaced.replace(\/[0-9]\/g, '');\r\n\tvar onlyWords = replaced.replace(\/\\D\/g,'');\r\n\tvar basicString = $(this);\r\n\tvar basicStringInner = basicString[0].innerHTML;\r\n\tvar stringSubStr = basicStringInner.substr(115);\r\n\tvar newString = onlyWords + stringSubStr;\r\n\r\nelemH2.replaceWith('<td class=\"eventful-pre full-cell\">'+newString +'<\/td>');\r\n\r\n});\r\n\r\n$('td.eventful-post').each(function() {\r\n\tvar elemH2 = $(this);\r\n\tvar stepOne = elemH2.text().trim();\r\n\tvar replaced = stepOne.replace(\/\\s\/g, '');\r\n\tvar onlyNumber = replaced.replace(\/[0-9]\/g, '');\r\n\tvar onlyWords = replaced.replace(\/\\D\/g,'');\r\n\tvar basicString = $(this);\r\n\tvar basicStringInner = basicString[0].innerHTML;\r\n\tvar stringSubStr = basicStringInner.substr(115);\r\n\tvar newString = onlyWords + stringSubStr;\r\n\r\nelemH2.replaceWith('<td class=\"eventful-post full-cell\">'+newString +'<\/td>');\r\n\r\n});\r\n\r\n\r\n<\/script>\r\n\r\n\r\n<script>\r\n\/\/ CHANGE CELL COLOR\r\n$('td.full-cell').each(function() {\r\n\tvar elemH2 = $(this);\r\n\tvar stepOne = elemH2.text().trim();\r\n\tconsole.log(stepOne);\r\n\tconsole.log(stepOne.search( 'Rezerwuj' ));\r\n\tif (stepOne.search('Rezerwuj') != -1) {\r\n\t\t$(this).addClass(\"greencell\");\r\n\t};\r\n\tif (stepOne.search('Zarezerwowano') != -1) {\r\n\t\t$(this).addClass(\"redcell\");\r\n\t};\r\n\r\n\t\r\n\t$(\".full-cell\").click(function(){\r\n        window.location = $(this).find(\"a:first\").attr(\"href\");\r\n        return false;\r\n    });\r\n\r\n    $(\".full-cell\").hover(function () {\r\n        window.status = $(this).find(\"a:first\").attr(\"href\");\r\n    }, function () {\r\n        window.status = \"\";\r\n    });\r\n\r\n});\r\n\r\n<\/script>\r\n<script>\r\n\r\n$('tr.new-row').each(function() {\r\n    var week = $(this);\r\n\tvar selectedWeek = week[0].innerHTML;\r\n\tvar count = (selectedWeek.match(\/arezerwowano\/g) || []).length;\r\n\tif (count >= 2) {\r\n\t\tnewSelectedWeek = selectedWeek.replace(\/Rezerwuj\/g,'Zarezerwowano');\r\n\t\tnewSelectedWeekStripped = newSelectedWeek.replace(\/<a\\b[^>]*>(.*?)<\\\/a>\/g,'Zarezerwowano');\r\n\t\tweek.replaceWith('<tr>'+newSelectedWeekStripped+'<\/tr>');\r\n\t}\r\n});\r\n\r\n\r\n\r\n<\/script><\/div>\n\n\n\n<p>Maksymalna liczba uczni\u00f3w w trakcie zwiedzania &#8211; 20 os\u00f3b. Czas trwania jednej lekcji muzealnej &#8211; 30 min.<\/p>\n\n\n\n<p><\/p>\n","protected":false},"excerpt":{"rendered":"<p>Zarezerwuj wycieczk\u0119 podczas Dnia Otwartego UMW zwiedzanie Muzeum Anatomii UMW Maksymalna liczba uczni\u00f3w w trakcie zwiedzania &#8211; 20 os\u00f3b. Czas trwania jednej lekcji muzealnej &#8211; 30 min.<\/p>\n","protected":false},"author":1,"featured_media":0,"parent":0,"menu_order":0,"comment_status":"closed","ping_status":"closed","template":"","meta":{"footnotes":""},"class_list":["post-14","page","type-page","status-publish","hentry"],"_links":{"self":[{"href":"https:\/\/app.umw.edu.pl\/wycieczki\/wp-json\/wp\/v2\/pages\/14","targetHints":{"allow":["GET"]}}],"collection":[{"href":"https:\/\/app.umw.edu.pl\/wycieczki\/wp-json\/wp\/v2\/pages"}],"about":[{"href":"https:\/\/app.umw.edu.pl\/wycieczki\/wp-json\/wp\/v2\/types\/page"}],"author":[{"embeddable":true,"href":"https:\/\/app.umw.edu.pl\/wycieczki\/wp-json\/wp\/v2\/users\/1"}],"replies":[{"embeddable":true,"href":"https:\/\/app.umw.edu.pl\/wycieczki\/wp-json\/wp\/v2\/comments?post=14"}],"version-history":[{"count":131,"href":"https:\/\/app.umw.edu.pl\/wycieczki\/wp-json\/wp\/v2\/pages\/14\/revisions"}],"predecessor-version":[{"id":1287,"href":"https:\/\/app.umw.edu.pl\/wycieczki\/wp-json\/wp\/v2\/pages\/14\/revisions\/1287"}],"wp:attachment":[{"href":"https:\/\/app.umw.edu.pl\/wycieczki\/wp-json\/wp\/v2\/media?parent=14"}],"curies":[{"name":"wp","href":"https:\/\/api.w.org\/{rel}","templated":true}]}}